{"id":3647,"date":"2020-11-02T09:53:07","date_gmt":"2020-12-18T12:53:35","guid":{"rendered":"http:\/\/rayt.com\/?post_type=product&#038;p=3647"},"modified":"2021-02-15T10:17:23","modified_gmt":"2021-02-15T10:17:23","slug":"secuestrante-uf","status":"publish","type":"product","link":"https:\/\/rayt.com\/fr\/producto\/secuestrante-uf\/","title":{"rendered":"SECUESTRANTE UF"},"content":{"rendered":"<p>PRODUIT ACCESSOIRE POUR MODIFIER LA TENEUR EN FORMALD\u00c9HYDE LIBRE DES R\u00c9SINES UR\u00c9E FORMALD\u00c9HYDE ET MELAMINE FORMALD\u00c9HYDE FORMOPOL.<br \/>\nCe produit fonctionne \u00e0 adoucir l&rsquo;odeur de formald\u00e9hyde, \u00e0 r\u00e9duire la nocivit\u00e9 du produit et \u00e0 prolonger la vie en pot de la colle pr\u00eat. (d\u00e9j\u00e0 dissous dans l&rsquo;eau)<\/p>\n<h4>CARACTERISTIQUES<\/h4>\n<p>Utilisation recommand\u00e9e: 2-5% de colle pr\u00e9par\u00e9e, en conservant la part de l&rsquo;eau de dilution<br \/>\nAdditif qui retarde le temps de g\u00e9lification des adh\u00e9sifs ur\u00e9e-formald\u00e9hyde.<br \/>\nUsage dans des conditions de temp\u00e9rature ambiante \u00e9lev\u00e9e.<\/p>\n","protected":false},"excerpt":{"rendered":"<p>PRODUIT ACCESSOIRE POUR MODIFIER LA TENEUR EN FORMALD\u00c9HYDE LIBRE DES<\/p>\n","protected":false},"featured_media":3648,"comment_status":"open","ping_status":"closed","template":"","meta":{"_acf_changed":false},"product_cat":[1479,602,885,937,882],"product_tag":[],"acf":[],"_links":{"self":[{"href":"https:\/\/rayt.com\/fr\/wp-json\/wp\/v2\/product\/3647"}],"collection":[{"href":"https:\/\/rayt.com\/fr\/wp-json\/wp\/v2\/product"}],"about":[{"href":"https:\/\/rayt.com\/fr\/wp-json\/wp\/v2\/types\/product"}],"replies":[{"embeddable":true,"href":"https:\/\/rayt.com\/fr\/wp-json\/wp\/v2\/comments?post=3647"}],"wp:featuredmedia":[{"embeddable":true,"href":"https:\/\/rayt.com\/fr\/wp-json\/wp\/v2\/media\/3648"}],"wp:attachment":[{"href":"https:\/\/rayt.com\/fr\/wp-json\/wp\/v2\/media?parent=3647"}],"wp:term":[{"taxonomy":"product_cat","embeddable":true,"href":"https:\/\/rayt.com\/fr\/wp-json\/wp\/v2\/product_cat?post=3647"},{"taxonomy":"product_tag","embeddable":true,"href":"https:\/\/rayt.com\/fr\/wp-json\/wp\/v2\/product_tag?post=3647"}],"curies":[{"name":"wp","href":"https:\/\/api.w.org\/{rel}","templated":true}]}}

<p>PRODUIT ACCESSOIRE POUR MODIFIER LA TENEUR EN FORMALDÉHYDE LIBRE DES RÉSINES URÉE FORMALDÉHYDE ET MELAMINE FORMALDÉHYDE FORMOPOL.<br />
Ce produit fonctionne à adoucir l&rsquo;odeur de formaldéhyde, à réduire la nocivité du produit et à prolonger la vie en pot de la colle prêt. (déjà dissous dans l&rsquo;eau)</p>
<h4>CARACTERISTIQUES</h4>
<p>Utilisation recommandée: 2-5% de colle préparée, en conservant la part de l&rsquo;eau de dilution<br />
Additif qui retarde le temps de gélification des adhésifs urée-formaldéhyde.<br />
Usage dans des conditions de température ambiante élevée.</p>

<p>PRODUIT ACCESSOIRE POUR MODIFIER LA TENEUR EN FORMALDÉHYDE LIBRE DES</p>
